{"id":12013,"date":"2024-08-17T11:57:36","date_gmt":"2024-08-17T15:57:36","guid":{"rendered":"https:\/\/www.tiendasindustriales.com\/store\/?post_type=product&#038;p=12013"},"modified":"2024-08-17T12:02:33","modified_gmt":"2024-08-17T16:02:33","slug":"manguera-para-alimentos-2-1-2-150psi-food-master-oils-and-dairy-150sd","status":"publish","type":"product","link":"https:\/\/www.tiendasindustriales.com\/store\/producto\/manguera-para-alimentos-2-1-2-150psi-food-master-oils-and-dairy-150sd\/","title":{"rendered":"Manguera Para Alimentos 2-1\/2&#8243; 150PSI Food Master\u2122 Oils and Dairy\u00a0150SD"},"content":{"rendered":"<div class=\"aem-Grid aem-Grid--12 aem-Grid--default--12 \">\n<div class=\"column-container responsivegrid bg-none aem-GridColumn aem-GridColumn--default--12\">\n<div class=\"container-fluid bg-none bg-container\" data-emptytext=\"Edit Container\">\n<div class=\"row\">\n<div class=\"col col-sm-12\">\n<div class=\"aem-Grid aem-Grid--12 aem-Grid--default--12 \">\n<div class=\"search-results aem-GridColumn aem-GridColumn--default--12\">\n<div class=\"variant-product\">\n<div id=\"product-tabs\" class=\"js-tabs--pdp product-tabs gor-tabs\">\n<div id=\"product-specifications\" class=\"tabs-content tab-container tab-container--parts tab-pane active\">\n<div id=\"product-specifications__content\" class=\"accordion-content--pdp collapse\" role=\"tabpanel\">\n<div class=\"accordion-content__wrapper\">\n<div class=\"c-table__row nested-accordion__content nested-accordion__content--level1 accordion-content gor-transitioning gor-active auto-height\" role=\"tabpanel\" aria-expanded=\"false\">\n<p class=\"product__info\"><strong>RECOMENDADO PARA:<\/strong> Transferencia de una variedad de productos alimenticios, como grasa animal, aceite vegetal y otros aceites comestibles, mediante camiones cisterna, barcazas, barcos o tanques de almacenamiento a temperaturas de hasta +230 \u00b0F que requieren una manguera sanitaria aprobada por la FDA. Tambi\u00e9n es adecuado para helados y otros productos l\u00e1cteos que requieren est\u00e1ndares 3A\u2013Clase 3.<\/p>\n<ul class=\"red-bullets\">\n<li>Compuesto especial de cubierta y tubo de nitrilo de grado alimenticio FDA de color blanco capaz de mantener un alto grado de flexibilidad en aplicaciones extremas de temperaturas altas y bajas (servicio continuo de -40 \u00b0F a 230 \u00b0F).<\/li>\n<li>Ligera y mucho m\u00e1s flexible y f\u00e1cil de manejar que otras mangueras para alimentos del mercado.<\/li>\n<li>El tubo cumple con los requisitos de la FDA, 3A\u2013Clase 3 y USDA. Libre de ftalatos.<\/li>\n<li>La h\u00e9lice de monofilamento es resistente al aplastamiento y a las torceduras; est\u00e1 construida sobre mandriles de acero inoxidable pulido para evitar la oxidaci\u00f3n.<\/li>\n<li>Excelente resistencia a medios a base de aceite.<\/li>\n<li>Cumple con los requisitos sanitarios de la FDA y 3A-Clase 3.<\/li>\n<li>No para servicio de vapor.<\/li>\n<\/ul>\n<div class=\"product-selected__resources\"><\/div>\n<table class=\"table c-table c-table--split\">\n<tbody>\n<tr>\n<th>Color<\/th>\n<td>Blanco<\/td>\n<\/tr>\n<tr>\n<th>Cubrir<\/th>\n<td>Nitrilo modificado &#8211; Tipo C2<\/td>\n<\/tr>\n<tr>\n<th>Reforzamiento<\/th>\n<td>Tejido sint\u00e9tico multicapa, doble h\u00e9lice de alambre<\/td>\n<\/tr>\n<tr>\n<th>Tubo<\/th>\n<td>Nitrilo modificado &#8211; Tipo C2<\/td>\n<\/tr>\n<tr>\n<th>Construcci\u00f3n: Cubierta<\/th>\n<td>Nitrilo modificado &#8211; Tipo C2<\/td>\n<\/tr>\n<tr>\n<th>Construcci\u00f3n: Factor de dise\u00f1o<\/th>\n<td>4:1<\/td>\n<\/tr>\n<tr>\n<th>Construcci\u00f3n: Refuerzo<\/th>\n<td>Tejido sint\u00e9tico multicapa, doble h\u00e9lice de alambre<\/td>\n<\/tr>\n<tr>\n<th>Construcci\u00f3n: Tubo<\/th>\n<td>Nitrilo modificado &#8211; Tipo C2. Blanco. Alta resistencia al aceite.<\/td>\n<\/tr>\n<\/tbody>\n<\/table>\n<p>&nbsp;<\/p>\n<table class=\"table c-table c-table--split\" style=\"height: 361px;\" width=\"713\">\n<tbody>\n<tr>\n<th>Part #<\/th>\n<td>2-1\/2X100 FOOD O&amp;D150SD<\/td>\n<\/tr>\n<tr>\n<th>Product #<\/th>\n<td>3133-0005<\/td>\n<\/tr>\n<tr>\n<th>Description<\/th>\n<td>2 1\/2X100<\/td>\n<\/tr>\n<tr>\n<th>Vacuum (In. Hg)<\/th>\n<td>30<\/td>\n<\/tr>\n<tr>\n<th>Minimum Bend Radius (in)<\/th>\n<td>12<\/td>\n<\/tr>\n<tr>\n<th>Minimum Bend Radius (mm)<\/th>\n<td>305<\/td>\n<\/tr>\n<tr>\n<th>Inside Diameter (in)<\/th>\n<td>2.50<\/td>\n<\/tr>\n<tr>\n<th>Inside Diameter (mm)<\/th>\n<td>63.5<\/td>\n<\/tr>\n<tr>\n<th>Temperature Range<\/th>\n<td>-40\u00b0F to +230\u00b0F (-40\u00b0C to +110\u00b0C)<\/td>\n<\/tr>\n<tr>\n<th>Working Pressure (psi)<\/th>\n<td>150<\/td>\n<\/tr>\n<tr>\n<th>Outside Diameter (in)<\/th>\n<td>3.08<\/td>\n<\/tr>\n<tr>\n<th>Outside Diameter (mm)<\/th>\n<td>63.5<\/td>\n<\/tr>\n<\/tbody>\n<\/table>\n<\/div>\n<div class=\"c-table__row nested-accordion__content nested-accordion__content--level1 accordion-content gor-transitioning gor-active auto-height\" role=\"tabpanel\" aria-expanded=\"false\"><\/div>\n<\/div>\n<\/div>\n<\/div>\n<\/div>\n<\/div>\n<\/div>\n<\/div>\n<\/div>\n<\/div>\n<\/div>\n<\/div>\n<\/div>\n<p class=\"product__info\"><a href=\"https:\/\/www.tiendasindustriales.com\/store\/wp-content\/uploads\/2024\/08\/Food-Master-150SD.pdf\" target=\"_blank\" rel=\"noopener\"><img decoding=\"async\" class=\" wd-lazy-fade alignleft wp-image-9834\" title=\"FICHA T\u00c9CNICA\" src=\"https:\/\/www.tiendasindustriales.com\/store\/wp-content\/themes\/woodmart\/images\/lazy.svg\" data-src=\"https:\/\/www.ventaalinstante.com\/wp-content\/uploads\/2023\/08\/PDF_file_icon.svg-244x300.png\" alt=\"\" width=\"43\" height=\"53\" \/><\/a><\/p>\n<p><span style=\"color: #ffffff;\">B\u00fasqu<\/span><\/p>\n<p><span style=\"color: #ffffff;\">das asociadas: Tuber\u00eda Manguera de material pl\u00e1stico Manguera estructura Manguera flexible Manguera a prueba de abrasi\u00f3n Manguera de neopreno Manguera para agua Manguera reforzada Manguera con trenza met\u00e1lica Tuber\u00eda lisa Manguera de aspiraci\u00f3n Manguera para productos qu\u00edmicos Manguera lisa Manguera de PVC Manguera de acero Manguera alimentos Manguera para productos alimentarios Manguera de PUR Manguera hidr\u00e1ulica Manguera resistente al aceite mangueras MANGUERA HIDRAHULICA<\/span><\/p>\n<p>&nbsp;<\/p>\n","protected":false},"excerpt":{"rendered":"<p>RECOMENDADO PARA: Transferencia de una variedad de productos alimenticios, como grasa animal, aceite vegetal y otros aceites comestibles, mediante camiones<\/p>\n","protected":false},"featured_media":12008,"comment_status":"open","ping_status":"closed","template":"","meta":[],"product_brand":[],"product_cat":[42],"product_tag":[],"class_list":{"0":"post-12013","1":"product","2":"type-product","3":"status-publish","4":"has-post-thumbnail","6":"product_cat-mangueras-industriales","8":"first","9":"instock","10":"shipping-taxable","11":"product-type-simple"},"yoast_head":"<!-- This site is optimized with the Yoast SEO plugin v27.4 - https:\/\/yoast.com\/product\/yoast-seo-wordpress\/ -->\n<title>Manguera Para Alimentos 2-1\/2&quot; 150PSI Food Master\u2122 Oils and Dairy\u00a0150SD - Tiendas Industriales<\/title>\n<meta name=\"robots\" content=\"index, follow, max-snippet:-1, max-image-preview:large, max-video-preview:-1\" \/>\n<link rel=\"canonical\" href=\"https:\/\/www.tiendasindustriales.com\/store\/producto\/manguera-para-alimentos-2-1-2-150psi-food-master-oils-and-dairy-150sd\/\" \/>\n<meta property=\"og:locale\" content=\"es_ES\" \/>\n<meta property=\"og:type\" content=\"article\" \/>\n<meta property=\"og:title\" content=\"Manguera Para Alimentos 2-1\/2&quot; 150PSI Food Master\u2122 Oils and Dairy\u00a0150SD - Tiendas Industriales\" \/>\n<meta property=\"og:description\" content=\"RECOMENDADO PARA: Transferencia de una variedad de productos alimenticios, como grasa animal, aceite vegetal y otros aceites comestibles, mediante camiones\" \/>\n<meta property=\"og:url\" content=\"https:\/\/www.tiendasindustriales.com\/store\/producto\/manguera-para-alimentos-2-1-2-150psi-food-master-oils-and-dairy-150sd\/\" \/>\n<meta property=\"og:site_name\" content=\"Tiendas Industriales\" \/>\n<meta property=\"article:publisher\" content=\"https:\/\/www.facebook.com\/DiscorreasManguerasyEmpaques\/\" \/>\n<meta property=\"article:modified_time\" content=\"2024-08-17T16:02:33+00:00\" \/>\n<meta property=\"og:image\" content=\"https:\/\/www.tiendasindustriales.com\/store\/wp-content\/uploads\/2024\/08\/FOOD-MASTER.jpg\" \/>\n\t<meta property=\"og:image:width\" content=\"2480\" \/>\n\t<meta property=\"og:image:height\" content=\"2474\" \/>\n\t<meta property=\"og:image:type\" content=\"image\/jpeg\" \/>\n<meta name=\"twitter:card\" content=\"summary_large_image\" \/>\n<meta name=\"twitter:label1\" content=\"Tiempo de lectura\" \/>\n\t<meta name=\"twitter:data1\" content=\"2 minutos\" \/>\n<script type=\"application\/ld+json\" class=\"yoast-schema-graph\">{\"@context\":\"https:\\\/\\\/schema.org\",\"@graph\":[{\"@type\":\"WebPage\",\"@id\":\"https:\\\/\\\/www.tiendasindustriales.com\\\/store\\\/producto\\\/manguera-para-alimentos-2-1-2-150psi-food-master-oils-and-dairy-150sd\\\/\",\"url\":\"https:\\\/\\\/www.tiendasindustriales.com\\\/store\\\/producto\\\/manguera-para-alimentos-2-1-2-150psi-food-master-oils-and-dairy-150sd\\\/\",\"name\":\"Manguera Para Alimentos 2-1\\\/2\\\" 150PSI Food Master\u2122 Oils and Dairy\u00a0150SD - Tiendas Industriales\",\"isPartOf\":{\"@id\":\"https:\\\/\\\/www.tiendasindustriales.com\\\/store\\\/#website\"},\"primaryImageOfPage\":{\"@id\":\"https:\\\/\\\/www.tiendasindustriales.com\\\/store\\\/producto\\\/manguera-para-alimentos-2-1-2-150psi-food-master-oils-and-dairy-150sd\\\/#primaryimage\"},\"image\":{\"@id\":\"https:\\\/\\\/www.tiendasindustriales.com\\\/store\\\/producto\\\/manguera-para-alimentos-2-1-2-150psi-food-master-oils-and-dairy-150sd\\\/#primaryimage\"},\"thumbnailUrl\":\"https:\\\/\\\/www.tiendasindustriales.com\\\/store\\\/wp-content\\\/uploads\\\/2024\\\/08\\\/FOOD-MASTER.jpg\",\"datePublished\":\"2024-08-17T15:57:36+00:00\",\"dateModified\":\"2024-08-17T16:02:33+00:00\",\"breadcrumb\":{\"@id\":\"https:\\\/\\\/www.tiendasindustriales.com\\\/store\\\/producto\\\/manguera-para-alimentos-2-1-2-150psi-food-master-oils-and-dairy-150sd\\\/#breadcrumb\"},\"inLanguage\":\"es\",\"potentialAction\":[{\"@type\":\"ReadAction\",\"target\":[\"https:\\\/\\\/www.tiendasindustriales.com\\\/store\\\/producto\\\/manguera-para-alimentos-2-1-2-150psi-food-master-oils-and-dairy-150sd\\\/\"]}]},{\"@type\":\"ImageObject\",\"inLanguage\":\"es\",\"@id\":\"https:\\\/\\\/www.tiendasindustriales.com\\\/store\\\/producto\\\/manguera-para-alimentos-2-1-2-150psi-food-master-oils-and-dairy-150sd\\\/#primaryimage\",\"url\":\"https:\\\/\\\/www.tiendasindustriales.com\\\/store\\\/wp-content\\\/uploads\\\/2024\\\/08\\\/FOOD-MASTER.jpg\",\"contentUrl\":\"https:\\\/\\\/www.tiendasindustriales.com\\\/store\\\/wp-content\\\/uploads\\\/2024\\\/08\\\/FOOD-MASTER.jpg\",\"width\":2480,\"height\":2474},{\"@type\":\"BreadcrumbList\",\"@id\":\"https:\\\/\\\/www.tiendasindustriales.com\\\/store\\\/producto\\\/manguera-para-alimentos-2-1-2-150psi-food-master-oils-and-dairy-150sd\\\/#breadcrumb\",\"itemListElement\":[{\"@type\":\"ListItem\",\"position\":1,\"name\":\"Portada\",\"item\":\"https:\\\/\\\/www.tiendasindustriales.com\\\/store\\\/\"},{\"@type\":\"ListItem\",\"position\":2,\"name\":\"Tienda\",\"item\":\"https:\\\/\\\/www.tiendasindustriales.com\\\/store\\\/tienda\\\/\"},{\"@type\":\"ListItem\",\"position\":3,\"name\":\"Manguera Para Alimentos 2-1\\\/2&#8243; 150PSI Food Master\u2122 Oils and Dairy\u00a0150SD\"}]},{\"@type\":\"WebSite\",\"@id\":\"https:\\\/\\\/www.tiendasindustriales.com\\\/store\\\/#website\",\"url\":\"https:\\\/\\\/www.tiendasindustriales.com\\\/store\\\/\",\"name\":\"Tiendas Industriales\",\"description\":\"Grupo Empresarial\",\"publisher\":{\"@id\":\"https:\\\/\\\/www.tiendasindustriales.com\\\/store\\\/#organization\"},\"potentialAction\":[{\"@type\":\"SearchAction\",\"target\":{\"@type\":\"EntryPoint\",\"urlTemplate\":\"https:\\\/\\\/www.tiendasindustriales.com\\\/store\\\/?s={search_term_string}\"},\"query-input\":{\"@type\":\"PropertyValueSpecification\",\"valueRequired\":true,\"valueName\":\"search_term_string\"}}],\"inLanguage\":\"es\"},{\"@type\":\"Organization\",\"@id\":\"https:\\\/\\\/www.tiendasindustriales.com\\\/store\\\/#organization\",\"name\":\"Tiendas Industriales Grupo Empresarial\",\"url\":\"https:\\\/\\\/www.tiendasindustriales.com\\\/store\\\/\",\"logo\":{\"@type\":\"ImageObject\",\"inLanguage\":\"es\",\"@id\":\"https:\\\/\\\/www.tiendasindustriales.com\\\/store\\\/#\\\/schema\\\/logo\\\/image\\\/\",\"url\":\"https:\\\/\\\/www.tiendasindustriales.com\\\/store\\\/wp-content\\\/uploads\\\/2022\\\/08\\\/Recurso-2logo-index.png\",\"contentUrl\":\"https:\\\/\\\/www.tiendasindustriales.com\\\/store\\\/wp-content\\\/uploads\\\/2022\\\/08\\\/Recurso-2logo-index.png\",\"width\":547,\"height\":219,\"caption\":\"Tiendas Industriales Grupo Empresarial\"},\"image\":{\"@id\":\"https:\\\/\\\/www.tiendasindustriales.com\\\/store\\\/#\\\/schema\\\/logo\\\/image\\\/\"},\"sameAs\":[\"https:\\\/\\\/www.facebook.com\\\/DiscorreasManguerasyEmpaques\\\/\",\"https:\\\/\\\/www.instagram.com\\\/tiendasindustriales\"]}]}<\/script>\n<!-- \/ Yoast SEO plugin. -->","yoast_head_json":{"title":"Manguera Para Alimentos 2-1\/2\" 150PSI Food Master\u2122 Oils and Dairy\u00a0150SD - Tiendas Industriales","robots":{"index":"index","follow":"follow","max-snippet":"max-snippet:-1","max-image-preview":"max-image-preview:large","max-video-preview":"max-video-preview:-1"},"canonical":"https:\/\/www.tiendasindustriales.com\/store\/producto\/manguera-para-alimentos-2-1-2-150psi-food-master-oils-and-dairy-150sd\/","og_locale":"es_ES","og_type":"article","og_title":"Manguera Para Alimentos 2-1\/2\" 150PSI Food Master\u2122 Oils and Dairy\u00a0150SD - Tiendas Industriales","og_description":"RECOMENDADO PARA: Transferencia de una variedad de productos alimenticios, como grasa animal, aceite vegetal y otros aceites comestibles, mediante camiones","og_url":"https:\/\/www.tiendasindustriales.com\/store\/producto\/manguera-para-alimentos-2-1-2-150psi-food-master-oils-and-dairy-150sd\/","og_site_name":"Tiendas Industriales","article_publisher":"https:\/\/www.facebook.com\/DiscorreasManguerasyEmpaques\/","article_modified_time":"2024-08-17T16:02:33+00:00","og_image":[{"width":2480,"height":2474,"url":"https:\/\/www.tiendasindustriales.com\/store\/wp-content\/uploads\/2024\/08\/FOOD-MASTER.jpg","type":"image\/jpeg"}],"twitter_card":"summary_large_image","twitter_misc":{"Tiempo de lectura":"2 minutos"},"schema":{"@context":"https:\/\/schema.org","@graph":[{"@type":"WebPage","@id":"https:\/\/www.tiendasindustriales.com\/store\/producto\/manguera-para-alimentos-2-1-2-150psi-food-master-oils-and-dairy-150sd\/","url":"https:\/\/www.tiendasindustriales.com\/store\/producto\/manguera-para-alimentos-2-1-2-150psi-food-master-oils-and-dairy-150sd\/","name":"Manguera Para Alimentos 2-1\/2\" 150PSI Food Master\u2122 Oils and Dairy\u00a0150SD - Tiendas Industriales","isPartOf":{"@id":"https:\/\/www.tiendasindustriales.com\/store\/#website"},"primaryImageOfPage":{"@id":"https:\/\/www.tiendasindustriales.com\/store\/producto\/manguera-para-alimentos-2-1-2-150psi-food-master-oils-and-dairy-150sd\/#primaryimage"},"image":{"@id":"https:\/\/www.tiendasindustriales.com\/store\/producto\/manguera-para-alimentos-2-1-2-150psi-food-master-oils-and-dairy-150sd\/#primaryimage"},"thumbnailUrl":"https:\/\/www.tiendasindustriales.com\/store\/wp-content\/uploads\/2024\/08\/FOOD-MASTER.jpg","datePublished":"2024-08-17T15:57:36+00:00","dateModified":"2024-08-17T16:02:33+00:00","breadcrumb":{"@id":"https:\/\/www.tiendasindustriales.com\/store\/producto\/manguera-para-alimentos-2-1-2-150psi-food-master-oils-and-dairy-150sd\/#breadcrumb"},"inLanguage":"es","potentialAction":[{"@type":"ReadAction","target":["https:\/\/www.tiendasindustriales.com\/store\/producto\/manguera-para-alimentos-2-1-2-150psi-food-master-oils-and-dairy-150sd\/"]}]},{"@type":"ImageObject","inLanguage":"es","@id":"https:\/\/www.tiendasindustriales.com\/store\/producto\/manguera-para-alimentos-2-1-2-150psi-food-master-oils-and-dairy-150sd\/#primaryimage","url":"https:\/\/www.tiendasindustriales.com\/store\/wp-content\/uploads\/2024\/08\/FOOD-MASTER.jpg","contentUrl":"https:\/\/www.tiendasindustriales.com\/store\/wp-content\/uploads\/2024\/08\/FOOD-MASTER.jpg","width":2480,"height":2474},{"@type":"BreadcrumbList","@id":"https:\/\/www.tiendasindustriales.com\/store\/producto\/manguera-para-alimentos-2-1-2-150psi-food-master-oils-and-dairy-150sd\/#breadcrumb","itemListElement":[{"@type":"ListItem","position":1,"name":"Portada","item":"https:\/\/www.tiendasindustriales.com\/store\/"},{"@type":"ListItem","position":2,"name":"Tienda","item":"https:\/\/www.tiendasindustriales.com\/store\/tienda\/"},{"@type":"ListItem","position":3,"name":"Manguera Para Alimentos 2-1\/2&#8243; 150PSI Food Master\u2122 Oils and Dairy\u00a0150SD"}]},{"@type":"WebSite","@id":"https:\/\/www.tiendasindustriales.com\/store\/#website","url":"https:\/\/www.tiendasindustriales.com\/store\/","name":"Tiendas Industriales","description":"Grupo Empresarial","publisher":{"@id":"https:\/\/www.tiendasindustriales.com\/store\/#organization"},"potentialAction":[{"@type":"SearchAction","target":{"@type":"EntryPoint","urlTemplate":"https:\/\/www.tiendasindustriales.com\/store\/?s={search_term_string}"},"query-input":{"@type":"PropertyValueSpecification","valueRequired":true,"valueName":"search_term_string"}}],"inLanguage":"es"},{"@type":"Organization","@id":"https:\/\/www.tiendasindustriales.com\/store\/#organization","name":"Tiendas Industriales Grupo Empresarial","url":"https:\/\/www.tiendasindustriales.com\/store\/","logo":{"@type":"ImageObject","inLanguage":"es","@id":"https:\/\/www.tiendasindustriales.com\/store\/#\/schema\/logo\/image\/","url":"https:\/\/www.tiendasindustriales.com\/store\/wp-content\/uploads\/2022\/08\/Recurso-2logo-index.png","contentUrl":"https:\/\/www.tiendasindustriales.com\/store\/wp-content\/uploads\/2022\/08\/Recurso-2logo-index.png","width":547,"height":219,"caption":"Tiendas Industriales Grupo Empresarial"},"image":{"@id":"https:\/\/www.tiendasindustriales.com\/store\/#\/schema\/logo\/image\/"},"sameAs":["https:\/\/www.facebook.com\/DiscorreasManguerasyEmpaques\/","https:\/\/www.instagram.com\/tiendasindustriales"]}]}},"_links":{"self":[{"href":"https:\/\/www.tiendasindustriales.com\/store\/wp-json\/wp\/v2\/product\/12013","targetHints":{"allow":["GET"]}}],"collection":[{"href":"https:\/\/www.tiendasindustriales.com\/store\/wp-json\/wp\/v2\/product"}],"about":[{"href":"https:\/\/www.tiendasindustriales.com\/store\/wp-json\/wp\/v2\/types\/product"}],"replies":[{"embeddable":true,"href":"https:\/\/www.tiendasindustriales.com\/store\/wp-json\/wp\/v2\/comments?post=12013"}],"wp:featuredmedia":[{"embeddable":true,"href":"https:\/\/www.tiendasindustriales.com\/store\/wp-json\/wp\/v2\/media\/12008"}],"wp:attachment":[{"href":"https:\/\/www.tiendasindustriales.com\/store\/wp-json\/wp\/v2\/media?parent=12013"}],"wp:term":[{"taxonomy":"product_brand","embeddable":true,"href":"https:\/\/www.tiendasindustriales.com\/store\/wp-json\/wp\/v2\/product_brand?post=12013"},{"taxonomy":"product_cat","embeddable":true,"href":"https:\/\/www.tiendasindustriales.com\/store\/wp-json\/wp\/v2\/product_cat?post=12013"},{"taxonomy":"product_tag","embeddable":true,"href":"https:\/\/www.tiendasindustriales.com\/store\/wp-json\/wp\/v2\/product_tag?post=12013"}],"curies":[{"name":"wp","href":"https:\/\/api.w.org\/{rel}","templated":true}]}}