{"id":11640,"date":"2023-12-19T17:07:10","date_gmt":"2023-12-19T21:07:10","guid":{"rendered":"https:\/\/www.tiendasindustriales.com\/store\/?post_type=product&#038;p=11640"},"modified":"2023-12-19T17:08:46","modified_gmt":"2023-12-19T21:08:46","slug":"manguera-hidraulica-3-8-4000-psi-1-trenza-mxt-gates","status":"publish","type":"product","link":"https:\/\/www.tiendasindustriales.com\/store\/producto\/manguera-hidraulica-3-8-4000-psi-1-trenza-mxt-gates\/","title":{"rendered":"Manguera Hidr\u00e1ulica 3\/8&#8243; 4800 PSI, 1 Trenza MXT Gates"},"content":{"rendered":"<h5>ESPECIFICACIONES DEL PRODUCTO MXT<\/h5>\n<p>EST\u00c1NDAR: Cumple con el rendimiento exigido en las normas EN\u00a0853\u00a02SN y EN\u00a0857\u00a02SC.\u00a0 Cumple con las dimensiones y el rendimiento exigido en las normas ISO\u00a011237 R16 el ISO\u00a011237\u00a0R17*.\u00a0 Cumple con el rendimiento exigido en las normas ISO\u00a01436 R2\u00a0 e ISO\u00a011237 R19*<\/p>\n<p>CONSTRUCCI\u00d3N: Tubo de caucho sint\u00e9tico negro y resistente al aceite. Refuerzo de alambre\u00a0 de acero trenzado de alta resistencia.<\/p>\n<p>CUBIERTA: Cubierta de caucho sint\u00e9tico, lisa y negra. Cumple con la resistencia\u00a0 al fuego de la MSHA. Cubierta XtraTuff\u2122 Plus (opcional).<\/p>\n<p>RANGO DE TEMPERATURAS: De \u201340 a 100\u00a0\u00b0C.<\/p>\n<p>TENEMOS LA RESPUESTA. La cubierta Gates XtraTuff Plus tambi\u00e9n est\u00e1 disponible\u00a0 para la manguera MXT. Nuestra \u00faltima inovaci\u00f3n est\u00e1\u00a0 pensada para ofrecer una durabilidad excepcional\u00a0 a la hora de cubrir sus activos en las aplicaciones\u00a0 de transmisi\u00f3n hidr\u00e1ulica m\u00e1s exigentes.<\/p>\n<ul>\n<li>25 veces m\u00e1s resistente a la abrasi\u00f3n<\/li>\n<li>Con una resistencia al ozono mejorada<\/li>\n<li>No afecta a la flexibilidad Durabilidad excepcional<\/li>\n<li>Certificaci\u00f3n MSHA<\/li>\n<\/ul>\n<p>MXT se ha dise\u00f1ado para hacer frente a los retos cambiantes que las aplicaciones de nuestros clientes encuentran. Mediante el uso de la ciencia de materiales y la innovaci\u00f3n de procesos, junto con una construcci\u00f3n pendiente de patente, Gates ofrece una soluci\u00f3n hidr\u00e1ulica m\u00e1s ligera, m\u00e1s resistente y m\u00e1s flexible. Fabricada con un refuerzo de muy altas prestaciones y caucho de la m\u00e1s alta calidad, la manguera MXT es un producto de la m\u00e1xima calidad resistente a la abrasi\u00f3n. Adem\u00e1s, MXT es una manguera de aplicaci\u00f3n universal que ofrece un rendimiento superior a los est\u00e1ndares establecidos en la industria. Su aplicaci\u00f3n diversificada le permite consolidar su inventario y disponer exactamente de la manguera que necesita, en el momento oportuno<\/p>\n<p><a href=\"https:\/\/www.tiendasindustriales.com\/store\/wp-content\/uploads\/2023\/12\/Ficha-tecnica-de-megasys-mxt-xtp-hose1.pdf\" target=\"_blank\" rel=\"noopener\"><img decoding=\"async\" class=\" wd-lazy-fade alignleft wp-image-9834\" title=\"FICHA T\u00c9CNICA\" src=\"https:\/\/www.tiendasindustriales.com\/store\/wp-content\/themes\/woodmart\/images\/lazy.svg\" data-src=\"https:\/\/www.ventaalinstante.com\/wp-content\/uploads\/2023\/08\/PDF_file_icon.svg-244x300.png\" alt=\"\" width=\"43\" height=\"53\" \/><\/a><\/p>\n<p><span style=\"color: #ffffff;\">B\u00fasquedas asociadas: Tuber\u00eda Manguera de material pl\u00e1stico Manguera estructura Manguera flexible Manguera a prueba de abrasi\u00f3n Manguera de neopreno Manguera para agua Manguera reforzada Manguera con trenza met\u00e1lica Tuber\u00eda lisa Manguera de aspiraci\u00f3n Manguera para productos qu\u00edmicos Manguera lisa Manguera de PVC Manguera de acero Manguera alimentos Manguera para productos alimentarios Manguera de PUR Manguera hidr\u00e1ulica Manguera resistente al aceite<\/span><\/p>\n<p>&nbsp;<\/p>\n","protected":false},"excerpt":{"rendered":"<ul>\n<li>M\u00e1s flexible y con una menor fuerza de doblado de hasta el 40 % para una instalaci\u00f3n m\u00e1s r\u00e1pida y ergon\u00f3mica<\/li>\n<li>Hasta un 30 % m\u00e1s ligera para garantizar una instalaci\u00f3n m\u00e1s f\u00e1cil<\/li>\n<li>El triple de ciclos en el ensayo de impulsi\u00f3n SAE (600 000 ciclos)<\/li>\n<li>Consolide su inventario con una manguera universal multiusos<\/li>\n<li>Compatible con las conexiones MegaCrimp\u2122 y las prensas de Gates\u00ae<\/li>\n<\/ul>\n","protected":false},"featured_media":11634,"comment_status":"open","ping_status":"closed","template":"","meta":[],"product_brand":[],"product_cat":[21],"product_tag":[],"class_list":{"0":"post-11640","1":"product","2":"type-product","3":"status-publish","4":"has-post-thumbnail","6":"product_cat-mangueras-hidraulicas","8":"first","9":"instock","10":"shipping-taxable","11":"product-type-simple"},"yoast_head":"<!-- This site is optimized with the Yoast SEO plugin v27.4 - https:\/\/yoast.com\/product\/yoast-seo-wordpress\/ -->\n<title>Manguera Hidr\u00e1ulica 3\/8&quot; 4800 PSI, 1 Trenza MXT Gates - Tiendas Industriales<\/title>\n<meta name=\"robots\" content=\"index, follow, max-snippet:-1, max-image-preview:large, max-video-preview:-1\" \/>\n<link rel=\"canonical\" href=\"https:\/\/www.tiendasindustriales.com\/store\/producto\/manguera-hidraulica-3-8-4000-psi-1-trenza-mxt-gates\/\" \/>\n<meta property=\"og:locale\" content=\"es_ES\" \/>\n<meta property=\"og:type\" content=\"article\" \/>\n<meta property=\"og:title\" content=\"Manguera Hidr\u00e1ulica 3\/8&quot; 4800 PSI, 1 Trenza MXT Gates - Tiendas Industriales\" \/>\n<meta property=\"og:description\" content=\"M\u00e1s flexible y con una menor fuerza de doblado de hasta el 40 % para una instalaci\u00f3n m\u00e1s r\u00e1pida y ergon\u00f3mica  Hasta un 30 % m\u00e1s ligera para garantizar una instalaci\u00f3n m\u00e1s f\u00e1cil  El triple de ciclos en el ensayo de impulsi\u00f3n SAE (600 000 ciclos)  Consolide su inventario con una manguera universal multiusos  Compatible con las conexiones MegaCrimp\u2122 y las prensas de Gates\u00ae\" \/>\n<meta property=\"og:url\" content=\"https:\/\/www.tiendasindustriales.com\/store\/producto\/manguera-hidraulica-3-8-4000-psi-1-trenza-mxt-gates\/\" \/>\n<meta property=\"og:site_name\" content=\"Tiendas Industriales\" \/>\n<meta property=\"article:publisher\" content=\"https:\/\/www.facebook.com\/DiscorreasManguerasyEmpaques\/\" \/>\n<meta property=\"article:modified_time\" content=\"2023-12-19T21:08:46+00:00\" \/>\n<meta property=\"og:image\" content=\"https:\/\/www.tiendasindustriales.com\/store\/wp-content\/uploads\/2023\/12\/MXT.jpg\" \/>\n\t<meta property=\"og:image:width\" content=\"2480\" \/>\n\t<meta property=\"og:image:height\" content=\"2474\" \/>\n\t<meta property=\"og:image:type\" content=\"image\/jpeg\" \/>\n<meta name=\"twitter:card\" content=\"summary_large_image\" \/>\n<meta name=\"twitter:label1\" content=\"Tiempo de lectura\" \/>\n\t<meta name=\"twitter:data1\" content=\"2 minutos\" \/>\n<script type=\"application\/ld+json\" class=\"yoast-schema-graph\">{\"@context\":\"https:\\\/\\\/schema.org\",\"@graph\":[{\"@type\":\"WebPage\",\"@id\":\"https:\\\/\\\/www.tiendasindustriales.com\\\/store\\\/producto\\\/manguera-hidraulica-3-8-4000-psi-1-trenza-mxt-gates\\\/\",\"url\":\"https:\\\/\\\/www.tiendasindustriales.com\\\/store\\\/producto\\\/manguera-hidraulica-3-8-4000-psi-1-trenza-mxt-gates\\\/\",\"name\":\"Manguera Hidr\u00e1ulica 3\\\/8\\\" 4800 PSI, 1 Trenza MXT Gates - Tiendas Industriales\",\"isPartOf\":{\"@id\":\"https:\\\/\\\/www.tiendasindustriales.com\\\/store\\\/#website\"},\"primaryImageOfPage\":{\"@id\":\"https:\\\/\\\/www.tiendasindustriales.com\\\/store\\\/producto\\\/manguera-hidraulica-3-8-4000-psi-1-trenza-mxt-gates\\\/#primaryimage\"},\"image\":{\"@id\":\"https:\\\/\\\/www.tiendasindustriales.com\\\/store\\\/producto\\\/manguera-hidraulica-3-8-4000-psi-1-trenza-mxt-gates\\\/#primaryimage\"},\"thumbnailUrl\":\"https:\\\/\\\/www.tiendasindustriales.com\\\/store\\\/wp-content\\\/uploads\\\/2023\\\/12\\\/MXT.jpg\",\"datePublished\":\"2023-12-19T21:07:10+00:00\",\"dateModified\":\"2023-12-19T21:08:46+00:00\",\"breadcrumb\":{\"@id\":\"https:\\\/\\\/www.tiendasindustriales.com\\\/store\\\/producto\\\/manguera-hidraulica-3-8-4000-psi-1-trenza-mxt-gates\\\/#breadcrumb\"},\"inLanguage\":\"es\",\"potentialAction\":[{\"@type\":\"ReadAction\",\"target\":[\"https:\\\/\\\/www.tiendasindustriales.com\\\/store\\\/producto\\\/manguera-hidraulica-3-8-4000-psi-1-trenza-mxt-gates\\\/\"]}]},{\"@type\":\"ImageObject\",\"inLanguage\":\"es\",\"@id\":\"https:\\\/\\\/www.tiendasindustriales.com\\\/store\\\/producto\\\/manguera-hidraulica-3-8-4000-psi-1-trenza-mxt-gates\\\/#primaryimage\",\"url\":\"https:\\\/\\\/www.tiendasindustriales.com\\\/store\\\/wp-content\\\/uploads\\\/2023\\\/12\\\/MXT.jpg\",\"contentUrl\":\"https:\\\/\\\/www.tiendasindustriales.com\\\/store\\\/wp-content\\\/uploads\\\/2023\\\/12\\\/MXT.jpg\",\"width\":2480,\"height\":2474},{\"@type\":\"BreadcrumbList\",\"@id\":\"https:\\\/\\\/www.tiendasindustriales.com\\\/store\\\/producto\\\/manguera-hidraulica-3-8-4000-psi-1-trenza-mxt-gates\\\/#breadcrumb\",\"itemListElement\":[{\"@type\":\"ListItem\",\"position\":1,\"name\":\"Portada\",\"item\":\"https:\\\/\\\/www.tiendasindustriales.com\\\/store\\\/\"},{\"@type\":\"ListItem\",\"position\":2,\"name\":\"Tienda\",\"item\":\"https:\\\/\\\/www.tiendasindustriales.com\\\/store\\\/tienda\\\/\"},{\"@type\":\"ListItem\",\"position\":3,\"name\":\"Manguera Hidr\u00e1ulica 3\\\/8&#8243; 4800 PSI, 1 Trenza MXT Gates\"}]},{\"@type\":\"WebSite\",\"@id\":\"https:\\\/\\\/www.tiendasindustriales.com\\\/store\\\/#website\",\"url\":\"https:\\\/\\\/www.tiendasindustriales.com\\\/store\\\/\",\"name\":\"Tiendas Industriales\",\"description\":\"Grupo Empresarial\",\"publisher\":{\"@id\":\"https:\\\/\\\/www.tiendasindustriales.com\\\/store\\\/#organization\"},\"potentialAction\":[{\"@type\":\"SearchAction\",\"target\":{\"@type\":\"EntryPoint\",\"urlTemplate\":\"https:\\\/\\\/www.tiendasindustriales.com\\\/store\\\/?s={search_term_string}\"},\"query-input\":{\"@type\":\"PropertyValueSpecification\",\"valueRequired\":true,\"valueName\":\"search_term_string\"}}],\"inLanguage\":\"es\"},{\"@type\":\"Organization\",\"@id\":\"https:\\\/\\\/www.tiendasindustriales.com\\\/store\\\/#organization\",\"name\":\"Tiendas Industriales Grupo Empresarial\",\"url\":\"https:\\\/\\\/www.tiendasindustriales.com\\\/store\\\/\",\"logo\":{\"@type\":\"ImageObject\",\"inLanguage\":\"es\",\"@id\":\"https:\\\/\\\/www.tiendasindustriales.com\\\/store\\\/#\\\/schema\\\/logo\\\/image\\\/\",\"url\":\"https:\\\/\\\/www.tiendasindustriales.com\\\/store\\\/wp-content\\\/uploads\\\/2022\\\/08\\\/Recurso-2logo-index.png\",\"contentUrl\":\"https:\\\/\\\/www.tiendasindustriales.com\\\/store\\\/wp-content\\\/uploads\\\/2022\\\/08\\\/Recurso-2logo-index.png\",\"width\":547,\"height\":219,\"caption\":\"Tiendas Industriales Grupo Empresarial\"},\"image\":{\"@id\":\"https:\\\/\\\/www.tiendasindustriales.com\\\/store\\\/#\\\/schema\\\/logo\\\/image\\\/\"},\"sameAs\":[\"https:\\\/\\\/www.facebook.com\\\/DiscorreasManguerasyEmpaques\\\/\",\"https:\\\/\\\/www.instagram.com\\\/tiendasindustriales\"]}]}<\/script>\n<!-- \/ Yoast SEO plugin. -->","yoast_head_json":{"title":"Manguera Hidr\u00e1ulica 3\/8\" 4800 PSI, 1 Trenza MXT Gates - Tiendas Industriales","robots":{"index":"index","follow":"follow","max-snippet":"max-snippet:-1","max-image-preview":"max-image-preview:large","max-video-preview":"max-video-preview:-1"},"canonical":"https:\/\/www.tiendasindustriales.com\/store\/producto\/manguera-hidraulica-3-8-4000-psi-1-trenza-mxt-gates\/","og_locale":"es_ES","og_type":"article","og_title":"Manguera Hidr\u00e1ulica 3\/8\" 4800 PSI, 1 Trenza MXT Gates - Tiendas Industriales","og_description":"M\u00e1s flexible y con una menor fuerza de doblado de hasta el 40 % para una instalaci\u00f3n m\u00e1s r\u00e1pida y ergon\u00f3mica  Hasta un 30 % m\u00e1s ligera para garantizar una instalaci\u00f3n m\u00e1s f\u00e1cil  El triple de ciclos en el ensayo de impulsi\u00f3n SAE (600 000 ciclos)  Consolide su inventario con una manguera universal multiusos  Compatible con las conexiones MegaCrimp\u2122 y las prensas de Gates\u00ae","og_url":"https:\/\/www.tiendasindustriales.com\/store\/producto\/manguera-hidraulica-3-8-4000-psi-1-trenza-mxt-gates\/","og_site_name":"Tiendas Industriales","article_publisher":"https:\/\/www.facebook.com\/DiscorreasManguerasyEmpaques\/","article_modified_time":"2023-12-19T21:08:46+00:00","og_image":[{"width":2480,"height":2474,"url":"https:\/\/www.tiendasindustriales.com\/store\/wp-content\/uploads\/2023\/12\/MXT.jpg","type":"image\/jpeg"}],"twitter_card":"summary_large_image","twitter_misc":{"Tiempo de lectura":"2 minutos"},"schema":{"@context":"https:\/\/schema.org","@graph":[{"@type":"WebPage","@id":"https:\/\/www.tiendasindustriales.com\/store\/producto\/manguera-hidraulica-3-8-4000-psi-1-trenza-mxt-gates\/","url":"https:\/\/www.tiendasindustriales.com\/store\/producto\/manguera-hidraulica-3-8-4000-psi-1-trenza-mxt-gates\/","name":"Manguera Hidr\u00e1ulica 3\/8\" 4800 PSI, 1 Trenza MXT Gates - Tiendas Industriales","isPartOf":{"@id":"https:\/\/www.tiendasindustriales.com\/store\/#website"},"primaryImageOfPage":{"@id":"https:\/\/www.tiendasindustriales.com\/store\/producto\/manguera-hidraulica-3-8-4000-psi-1-trenza-mxt-gates\/#primaryimage"},"image":{"@id":"https:\/\/www.tiendasindustriales.com\/store\/producto\/manguera-hidraulica-3-8-4000-psi-1-trenza-mxt-gates\/#primaryimage"},"thumbnailUrl":"https:\/\/www.tiendasindustriales.com\/store\/wp-content\/uploads\/2023\/12\/MXT.jpg","datePublished":"2023-12-19T21:07:10+00:00","dateModified":"2023-12-19T21:08:46+00:00","breadcrumb":{"@id":"https:\/\/www.tiendasindustriales.com\/store\/producto\/manguera-hidraulica-3-8-4000-psi-1-trenza-mxt-gates\/#breadcrumb"},"inLanguage":"es","potentialAction":[{"@type":"ReadAction","target":["https:\/\/www.tiendasindustriales.com\/store\/producto\/manguera-hidraulica-3-8-4000-psi-1-trenza-mxt-gates\/"]}]},{"@type":"ImageObject","inLanguage":"es","@id":"https:\/\/www.tiendasindustriales.com\/store\/producto\/manguera-hidraulica-3-8-4000-psi-1-trenza-mxt-gates\/#primaryimage","url":"https:\/\/www.tiendasindustriales.com\/store\/wp-content\/uploads\/2023\/12\/MXT.jpg","contentUrl":"https:\/\/www.tiendasindustriales.com\/store\/wp-content\/uploads\/2023\/12\/MXT.jpg","width":2480,"height":2474},{"@type":"BreadcrumbList","@id":"https:\/\/www.tiendasindustriales.com\/store\/producto\/manguera-hidraulica-3-8-4000-psi-1-trenza-mxt-gates\/#breadcrumb","itemListElement":[{"@type":"ListItem","position":1,"name":"Portada","item":"https:\/\/www.tiendasindustriales.com\/store\/"},{"@type":"ListItem","position":2,"name":"Tienda","item":"https:\/\/www.tiendasindustriales.com\/store\/tienda\/"},{"@type":"ListItem","position":3,"name":"Manguera Hidr\u00e1ulica 3\/8&#8243; 4800 PSI, 1 Trenza MXT Gates"}]},{"@type":"WebSite","@id":"https:\/\/www.tiendasindustriales.com\/store\/#website","url":"https:\/\/www.tiendasindustriales.com\/store\/","name":"Tiendas Industriales","description":"Grupo Empresarial","publisher":{"@id":"https:\/\/www.tiendasindustriales.com\/store\/#organization"},"potentialAction":[{"@type":"SearchAction","target":{"@type":"EntryPoint","urlTemplate":"https:\/\/www.tiendasindustriales.com\/store\/?s={search_term_string}"},"query-input":{"@type":"PropertyValueSpecification","valueRequired":true,"valueName":"search_term_string"}}],"inLanguage":"es"},{"@type":"Organization","@id":"https:\/\/www.tiendasindustriales.com\/store\/#organization","name":"Tiendas Industriales Grupo Empresarial","url":"https:\/\/www.tiendasindustriales.com\/store\/","logo":{"@type":"ImageObject","inLanguage":"es","@id":"https:\/\/www.tiendasindustriales.com\/store\/#\/schema\/logo\/image\/","url":"https:\/\/www.tiendasindustriales.com\/store\/wp-content\/uploads\/2022\/08\/Recurso-2logo-index.png","contentUrl":"https:\/\/www.tiendasindustriales.com\/store\/wp-content\/uploads\/2022\/08\/Recurso-2logo-index.png","width":547,"height":219,"caption":"Tiendas Industriales Grupo Empresarial"},"image":{"@id":"https:\/\/www.tiendasindustriales.com\/store\/#\/schema\/logo\/image\/"},"sameAs":["https:\/\/www.facebook.com\/DiscorreasManguerasyEmpaques\/","https:\/\/www.instagram.com\/tiendasindustriales"]}]}},"_links":{"self":[{"href":"https:\/\/www.tiendasindustriales.com\/store\/wp-json\/wp\/v2\/product\/11640","targetHints":{"allow":["GET"]}}],"collection":[{"href":"https:\/\/www.tiendasindustriales.com\/store\/wp-json\/wp\/v2\/product"}],"about":[{"href":"https:\/\/www.tiendasindustriales.com\/store\/wp-json\/wp\/v2\/types\/product"}],"replies":[{"embeddable":true,"href":"https:\/\/www.tiendasindustriales.com\/store\/wp-json\/wp\/v2\/comments?post=11640"}],"wp:featuredmedia":[{"embeddable":true,"href":"https:\/\/www.tiendasindustriales.com\/store\/wp-json\/wp\/v2\/media\/11634"}],"wp:attachment":[{"href":"https:\/\/www.tiendasindustriales.com\/store\/wp-json\/wp\/v2\/media?parent=11640"}],"wp:term":[{"taxonomy":"product_brand","embeddable":true,"href":"https:\/\/www.tiendasindustriales.com\/store\/wp-json\/wp\/v2\/product_brand?post=11640"},{"taxonomy":"product_cat","embeddable":true,"href":"https:\/\/www.tiendasindustriales.com\/store\/wp-json\/wp\/v2\/product_cat?post=11640"},{"taxonomy":"product_tag","embeddable":true,"href":"https:\/\/www.tiendasindustriales.com\/store\/wp-json\/wp\/v2\/product_tag?post=11640"}],"curies":[{"name":"wp","href":"https:\/\/api.w.org\/{rel}","templated":true}]}}